10755. Determine w(-9).
774
Let h(y) = -91269*y + 912706. Calculate h(10).
16
Let v(c) = -204*c**3 - 9*c**2 - 10*c - 5. Give v(-1).
200
Let w(r) = -496*r**2 + 9412*r + 192. What is w(19)?
-36
Let l(d) = 342*d**2 - 2748*d + 88. What is l(8)?
-8
Let w(u) = 3*u**2 + 25862*u + 77571. What is w(-3)?
12
Let b(i) = 58813*i + 235079. What is b(-4)?
-173
Let m(z) = -3068*z + 61295. What is m(20)?
-65
Let s(t) = 5*t**2 + 327*t - 2778. What is s(-73)?
-4
Let j(w) = -40*w**2 + 6789*w + 1929. Determine j(170).
59
Let z(h) = 20390*h + 856395. Give z(-42).
15
Let b(w) = -33608*w - 2016430. What is b(-60)?
50
Let f(p) = -p**3 + 46*p**2 + 2794*p - 126814. What is f(44)?
-6
Let p(u) = 13*u**3 + 96*u**2 + 31*u - 21. Calculate p(-7).
7
Let t(p) = -161*p - 38882. What is t(-241)?
-81
Let r(j) = -j**3 + 13*j**2 + 91*j + 445. What is r(19)?
8
Let y(c) = c**3 + 130*c**2 - 1296*c - 6279. Calculate y(-139).
-24
Let s(y) = 2*y**2 - 586*y + 6201. Calculate s(282).
-3
Let q(u) = -u**3 - 8*u**2 + 208*u + 1106. Give q(-5).
-9
Let c(m) = m**2 + 17230*m + 223621. Determine c(-13).
-200
Let g(n) = -21*n**3 - 209*n**2 - 690*n - 7023. Determine g(-10).
-23
Let m(r) = 39*r**3 - 619*r**2 - 73*r - 106. Calculate m(16).
6
Let a(r) = -347355*r + 1736767. Give a(5).
-8
Let d(f) = 511*f**2 + 990*f - 17716. Determine d(5).
9
Let h(p) = -503572*p - 7049993. Give h(-14).
15
Let l(q) = -4*q**2 - 7351*q + 671819. Determine l(-1925).
-6
Let w(z) = 27*z**3 + 10*z**2 + 31*z - 83. Calculate w(5).
3697
Let x(u) = -2958*u + 1910868. Determine x(646).
0
Let g(q) = 38368*q + 613891. Give g(-16).
3
Let t(u) = -2*u**3 - 3*u**2 + 22*u - 14. Calculate t(2).
2
Let p(q) = -160*q**2 + 18721*q - 115. What is p(117)?
2
Let s(b) = 40*b**2 + 431*b + 891. Calculate s(-8).
3
Let u(y) = y**3 + 68*y**2 + 269*y - 672. Calculate u(-64).
-1504
Let k(g) = 486*g**2 - 3884*g - 30. Give k(8).
2
Let q(j) = -191*j**2 - 1963*j - 417. Calculate q(-10).
113
Let h(l) = -3*l**3 + 203*l**2 - 2934*l - 39. What is h(21)?
87
Let p(g) = -2*g**2 - 2034*g + 8186. Calculate p(4).
18
Let u(a) = 767*a - 7700. Determine u(10).
-30
Let a(i) = 115*i**3 - 2*i**2 + 10*i + 12. Give a(-1).
-115
Let t(i) = -3*i**2 + 9470*i + 56934. Calculate t(-6).
6
Let l(q) = -11*q**2 + 248*q - 2740. What is l(11)?
-1343
Let r(v) = -30*v + 3727. Calculate r(54).
2107
Let r(l) = -7352*l + 36870. Give r(5).
110
Let x(o) = -4*o**3 - 35*o**2 + 188*o + 26. What is x(4)?
-38
Let y(i) = -3*i**2 + 57*i - 55. Calculate y(22).
-253
Let v(f) = 79*f**2 + 5918*f - 565. Give v(-75).
-40
Let b(r) = -r**3 + 45*r**2 + 404*r - 153. Determine b(-10).
1307
Let l(b) = -b**2 + 117*b - 5758. Determine l(60).
-2338
Let c(g) = -25338*g - 50672. Give c(-2).
4
Let y(p) = -39*p**2 - 1025*p - 63. What is y(-20)?
4837
Let n(d) = -444*d**3 + 888*d**2 - 43*d + 61. Give n(2).
-25
Let b(w) = -w**2 - 41316*w - 330463. Calculate b(-8).
1
Let t(z) = 133*z + 23283. Calculate t(-180).
-657
Let s(c) = -108*c**2 + 1055*c - 2571. Determine s(5).
4
Let p(v) = -118*v + 5515. Calculate p(36).
1267
Let r(c) = 2*c**3 - 43*c**2 + 276*c - 4340. Determine r(20).
-20
Let d(x) = 1878*x - 7529. Calculate d(4).
-17
Let i(k) = -2*k**3 + 40*k**2 - 93*k + 859. What is i(17)?
1012
Let d(b) = -b**3 - 12*b**2 + 751*b - 1868. Determine d(-35).
22
Let j(c) = -739*c - 43888. Calculate j(-58).
-1026
Let n(p) = -783*p + 25767. Calculate n(34).
-855
Let l(q) = -3*q + 161. Give l(40).
41
Let f(u) = 13*u**2 + 36*u - 270. What is f(6)?
414
Let u(v) = -278662*v - 93909096. Determine u(-337).
-2
Let r(p) = 309*p**3 - 7*p**2 - 5*p + 1. Determine r(-1).
-310
Let n(p) = 4*p**2 + 3624*p + 21802. Give n(-6).
202
Let v(d) = 2*d**2 + 367*d - 43857. Calculate v(83).
382
Let m(d) = -109481*d - 4160339. What is m(-38)?
-61
Let p(k) = 897*k + 41255. Determine p(-46).
-7
Let i(l) = 6*l**3 - 137*l**2 - 209*l + 994. Give i(24).
10
Let u(t) = -48*t**3 + 9*t**2 + 48*t + 51. What is u(-1)?
60
Let z(d) = -1335*d - 16849. Calculate z(-16).
4511
Let y(p) = -p**2 - 7711*p + 69474. Determine y(9).
-6
Let o(d) = -18935*d + 76151. Give o(4).
411
Let w(l) = 43*l**3 + 512*l**2 - 2069*l - 23. Calculate w(4).
2645
Let d(p) = 84*p**2 - 246*p + 1050. What is d(4)?
1410
Let o(u) = -2*u**3 - 27*u**2 + 16*u - 26. Give o(5).
-871
Let f(h) = -3483*h + 32737. Determine f(10).
-2093
Let o(h) = 3*h**3 - 999*h**2 + 4*h - 1354. Calculate o(333).
-22
Let u(b) = -2*b**3 + 714*b**2 - 54613*b + 231. Determine u(246).
-15
Let w(m) = -2960*m - 1021194. What is w(-345)?
6
Let y(m) = 2*m**3 + 6*m**2 + 4*m - 418. Give y(5).
2
Let t(o) = 2*o**3 + 55*o**2 + 192*o - 959. What is t(-8)?
1
Let n(s) = -166*s**2 - 37*s + 63. Determine n(2).
-675
Let d(b) = 463*b**2 + 3665*b - 354. What is d(-8)?
-42
Let x(a) = -a**3 + 68*a**2 - 43*a + 77. Determine x(67).
1685
Let s(r) = -454*r - 1050. Determine s(-1).
-596
Let c(i) = 7*i**2 + 879*i - 2173. Determine c(-128).
3
Let h(w) = 6080*w + 36831. Calculate h(-6).
351
Let k(d) = 2*d**2 - 4311*d - 1038. Give k(0).
-1038
Let g(s) = -9*s**3 + 962*s**2 + 93*s + 1458. Calculate g(107).
-40
Let s(k) = 73265*k + 879199. Determine s(-12).
19
Let f(w) = -287*w**2 + 3208*w - 39. What is f(11)?
522
Let n(f) = 468*f + 5249. Give n(-12).
-367
Let a(m) = 6*m**2 - 174*m - 80. Give a(34).
940
Let p(l) = 705*l + 13719. What is p(-20)?
-381
Let v(z) = -9*z**2 + 596*z - 53. What is v(66)?
79
Let k(x) = -236*x - 4242. What is k(-18)?
6
Let a(d) = -2*d**3 + 96*d**2 - 9*d + 260. Determine a(48).
-172
Let o(d) = -987*d + 140139. Calculate o(142).
-15
Let w(p) = 2379*p - 9641. Give w(4).
-125
Let z(v) = 21*v**2 - 1032*v - 167. What is z(45)?
-4082
Let r(n) = -161*n**3 + 3*n**2 + 161*n - 167. What is r(1)?
-164
Let a(x) = 2*x**3 - 115*x**2 - 1095*x + 54149. What is a(59)?
-13
Let q(u) = 433*u + 5193. Give q(-11).
430
Let k(w) = 3*w**3 - 108*w**2 - 52084*w + 1248. Calculate k(-115).
-17
Let y(d) = -815*d + 86394. Give y(106).
4
Let y(z) = -14563*z - 101971. Give y(-7).
-30
Let p(x) = -5*x**3 - 50*x**2 + 11*x + 340. Calculate p(-10).
230
Let m(u) = -60*u**3 + 108*u**2 - 15*u - 94. What is m(1)?
-61
Let n(x) = 2*x**3 + 72*x**2 - 1037*x - 120. Give n(-47).
21
Let h(x) = -x**2 - 7637*x + 153166. Calculate h(20).
26
Let j(l) = 5230*l**3 + 5262*l**2 + 35*l - 3. Give j(-1).
-6
Let c(u) = -4*u**3 + 14*u**2 + 172*u - 913. Give c(5).
-203
Let k(a) = -a**3 - 72*a**2 + 1278*a - 2348. Determine k(-87).
1
Let a(m) = m**3 + 446*m**2 - 885*m + 4897. Give a(-448).
-31
Let m(w) = -1075*w + 57888. Give m(54).
-162
Let p(u) = -2*u**3 - 847*u**2 + 7785*u - 21. Calculate p(9).
-21
Let f(c) = c**3 - 36*c**2 + 19*c + 234. Give f(33).
-2406
Let g(h) = -4*h**2 - 177*h - 1883. What is g(-29)?
-114
Let u(a) = -597*a + 4805. Give u(8).
29
Let t(n) = -n**3 - 48*n**2 + 336*n + 26515. Calculate t(-39).
-278
Let x(o) = o**3 - 86*o**2 + 365*o - 3240. What is x(82)?
-206
Let w(r) = -2*r**3 + 12*r**2 + 25*r + 41. Determine w(-8).
1633
Let o(n) = -2*n**3 + 72*n**2 + 95*n - 267. Determine o(37).
510
Let h(o) = 40863*o + 572067. Determine h(-14).
-15
Let v(h) = 2*h**3 - 40*h**2 - 98*h + 329. Determine v(-4).
-47
Let n(h) = 44550*h**2 + 8*h + 2. Determine n(0).
2
Let c(s) = -7*s**2 + 19937*s + 220145. What is c(-11)?
-9
Let h(t) = 2628*t + 165110. Give h(-63).
-454
Let f(q) = -7*q - 2029. Give f(-59).
-1616
Let w(v) = 414*v**2 - 9219*v + 2436. What is w(22)?
-6
Let l(w) = -385*w - 75201. What is l(-195)?
-126
Let k(h) = -744*h - 19340. What is k(-26)?
4
Let f(z) = 5*z**3 + 100*z**2 + 623*z - 32. Calculate f(-7).
-1208
Let z(m) = 4*m**2 - 118*m - 546. What is z(35)?
224
Let y(l) = -333*l - 2838. Calculate y(-8).
-174
Let j(r) = 8*r**2 - 816*r - 660. What is j(103)?
164
Let d(t) = t**3 - 5*t**2 - 70*t - 137. Calculate d(13).
305
Let x(l) = 2184*l - 285995. Give x(131).
109
Let l(t) = -13*t**3 - 7799*t**2 + 607*t + 4194. What is l(-600)?
-6
Let g(z) = -2*z**3 - 140*z**2 + 143*z - 80. Give g(-71).
-151
Let s(p) = 1223*p**2 + 26923*p + 32. Determine s(-22).
-342
Let s(z) = 76*z**2 + 832*z + 33. Calculate s(-11).
77
Let i(m) = -m**3 + 29*m**2 - 1213*m + 6451. Give i(6).
1
Let r(l) = -150*l**2 + 610*l + 1908. Give r(6).
168
Let r(g) = -945*g - 174825. What is r(-185)?
0
Let a(o) = -5496*o + 55252. Give a(10).
292
Let x(f) = -54*f**3 + 5*f**2 - 2*f - 2. Determine x(3).
-1421
Let f(o) = -7396*o - 10361803. Calcu